{"id":436,"date":"2019-11-18T13:42:15","date_gmt":"2019-11-18T12:42:15","guid":{"rendered":"http:\/\/paroisse.saintmicheldurhone.fr\/?page_id=436"},"modified":"2019-11-19T12:14:48","modified_gmt":"2019-11-19T11:14:48","slug":"saint-laurent-du-pape","status":"publish","type":"page","link":"https:\/\/paroisse.saintmicheldurhone.fr\/?page_id=436","title":{"rendered":"Saint-Laurent du Pape"},"content":{"rendered":"\n<div class=\"wp-block-image\"><figure class=\"alignright size-large\"><img loading=\"lazy\" decoding=\"async\" width=\"768\" height=\"528\" src=\"http:\/\/paroisse.saintmicheldurhone.fr\/wp-content\/uploads\/2019\/11\/st-laurent2-768x528.jpg\" alt=\"\" class=\"wp-image-496\" srcset=\"https:\/\/paroisse.saintmicheldurhone.fr\/wp-content\/uploads\/2019\/11\/st-laurent2-768x528.jpg 768w, https:\/\/paroisse.saintmicheldurhone.fr\/wp-content\/uploads\/2019\/11\/st-laurent2-768x528-300x206.jpg 300w\" sizes=\"auto, (max-width: 768px) 100vw, 768px\" \/><\/figure><\/div>\n\n\n\n<p>L\u2019\u00e9difice actuel a \u00e9t\u00e9 construit de 1861 \u00e0 1864. Ilrempla\u00e7a, en lieu et place, une autre \u00e9glise datant de 1770, compos\u00e9e d\u2019une nef, de deux chapelles (dont une de style gothique qui devait conserv\u00e9e) et d\u2019une sacristie. Trois architectes visite le lieu de culte en mai 1860, et voici la conclusion&nbsp;:&nbsp;<em>\u00ab&nbsp;Sans caract\u00e8re architectural, construit sans soins et murs l\u00e9zard\u00e9s fortement. Elle menace ruine et il est impossible d\u2019arr\u00eater les mouvements qui s\u2019op\u00e8rent dans les ma\u00e7onneries parce qu\u2019ils ont pour cause la nature vicieuse de la construction&nbsp;\u00bb.<\/em><\/p>\n\n\n\n<p>Cette \u00e9glise v\u00e9tuste est d\u00e9molie d\u00e8s le mois de juin 1860, la chapelle gothique ne r\u00e9siste pas aux travaux, et s\u2019\u00e9coule \u00e9galement.<\/p>\n\n\n\n<div class=\"wp-block-image\"><figure class=\"alignleft size-large\"><img loading=\"lazy\" decoding=\"async\" width=\"209\" height=\"300\" src=\"http:\/\/paroisse.saintmicheldurhone.fr\/wp-content\/uploads\/2019\/11\/\u00e9glise-st-laurent-209x300.jpg\" alt=\"\" class=\"wp-image-499\"\/><\/figure><\/div>\n\n\n\n<p>La chaux proviendra&nbsp; de Cruas, le sable tir\u00e9 de l\u2019Eyrieux, les moellons seront pris parmi ceux de la d\u00e9molition et les autres seront choisi dans le lit de la rivi\u00e8re&nbsp;<em>(les familles catholiques achemineront des pierres jusqu\u2019au chantier gr\u00e2ces aux attelages de vaches ou mulets)&nbsp;<\/em>la pierre de taille pour les partie basses, provient des carri\u00e8res de Meyrand, et de St Paul-trois-ch\u00e2teau pour les parties hautes<em>.&nbsp;<\/em>Les travaux se termine en 1864, en mai, l\u2019\u00e9glise est d\u00e9clar\u00e9e \u00ab&nbsp;recevable&nbsp;\u00bb Le nouvel \u00e9difice &nbsp;est de style ogival (n\u00e9o-gothique) et a une \u00e9tendu suffisante pour une population de 700 \u00e2mes, c\u2019est un b\u00e2timent plus vaste, et permettant d\u2019accueillir un nombre grandissant de paroissiens.<\/p>\n\n\n\n<div class=\"wp-block-image\"><figure class=\"alignright size-large\"><img loading=\"lazy\" decoding=\"async\" width=\"300\" height=\"202\" src=\"http:\/\/paroisse.saintmicheldurhone.fr\/wp-content\/uploads\/2019\/11\/tableaux-st-laurent-300x202.jpg\" alt=\"\" class=\"wp-image-494\"\/><\/figure><\/div>\n\n\n\n<p>Il faut noter que lors de sa construction sous le second Empire, l\u2019\u00e9glise nouvelle a&nbsp;\u00e9t\u00e9 dot\u00e9 de plusieurs tableaux de l\u2019\u00e9cole lyonnaise&nbsp;;&nbsp;<em>\u00ab&nbsp;Sainte Philom\u00e8ne&nbsp;\u00bb<\/em>&nbsp;de Jules Guedy et&nbsp;<em>\u00ab&nbsp;Saint Joseph&nbsp;\u00bb<\/em>&nbsp;de Anne Fran\u00e7ois Jammot surmont\u00e9 du blason de la famille d\u2019Hautussac et de Pravieux. Six autres tableaux ont \u00e9t\u00e9 offert par l\u2019Empereur Napol\u00e9on III \u00e0 la paroisse, en particulier,&nbsp;<em>\u00ab&nbsp;la d\u00e9collation de Jean-Baptiste&nbsp;\u00bb<\/em>&nbsp;par Meissonier et surtout une magnifique copie de&nbsp;<em>\u00ab&nbsp;la vierge au chapelet<\/em>&nbsp;\u00bb de Murillo par Mathilde Demasur.<\/p>\n\n\n\n<div class=\"wp-block-image\"><figure class=\"alignleft size-large\"><img loading=\"lazy\" decoding=\"async\" width=\"198\" height=\"300\" src=\"http:\/\/paroisse.saintmicheldurhone.fr\/wp-content\/uploads\/2019\/11\/num\u00e9risation0003-198x300.jpg\" alt=\"\" class=\"wp-image-497\"\/><\/figure><\/div>\n\n\n\n<p>Le 30 mars 1930, Mgr Hurault baptise&nbsp;<em>\u00ab&nbsp;Mireille-Yolande&nbsp;\u00bb,<\/em>&nbsp;la nouvelle cloche. Provenant de la fonderie Paccard d\u2019Annecy , elle p\u00e8se 450Kg et&nbsp; donne le \u00ab&nbsp;La\u00bb. Elle rejoint l\u2019ancienne cloche datant de 1508, de 150kg environ, et qui donne le \u00ab&nbsp;R\u00e9&nbsp;\u00bb. A cette occasion, les peintures int\u00e9rieures avaient \u00e9t\u00e9 en partie refaites.<\/p>\n\n\n\n<div class=\"wp-block-image\"><figure class=\"alignright size-large\"><img loading=\"lazy\" decoding=\"async\" width=\"94\" height=\"300\" src=\"http:\/\/paroisse.saintmicheldurhone.fr\/wp-content\/uploads\/2019\/11\/num\u00e9risation0005-94x300.jpg\" alt=\"\" class=\"wp-image-498\"\/><\/figure><\/div>\n\n\n\n<p>Divers travaux de restauration ont ensuite r\u00e9alis\u00e9s. En 1965, le jointoiement de l\u2019ensemble des fa\u00e7ades et la r\u00e9fection de la toiture du clocher. En 1985, restauration total des peintures int\u00e9rieures. La vo\u00fbte est reconstruite au d\u00e9but des ann\u00e9es 2000.<\/p>\n\n\n\n<p>Une r\u00e9novation des vitrages de protection des vitraux, ainsi que la r\u00e9novation totale des toitures a \u00e9t\u00e9 r\u00e9alis\u00e9e en 2018.<\/p>\n","protected":false},"excerpt":{"rendered":"<p>L\u2019\u00e9difice actuel a \u00e9t\u00e9 construit de 1861 \u00e0 1864. Ilrempla\u00e7a, en lieu et place, une autre \u00e9glise datant de 1770, compos\u00e9e d\u2019une nef, de deux chapelles (dont une de style [&hellip;]<\/p>\n","protected":false},"author":1,"featured_media":0,"parent":0,"menu_order":0,"comment_status":"closed","ping_status":"closed","template":"","meta":{"_uag_custom_page_level_css":"","site-sidebar-layout":"default","site-content-layout":"default","ast-site-content-layout":"default","site-content-style":"default","site-sidebar-style":"default","ast-global-header-display":"","ast-banner-title-visibility":"","ast-main-header-display":"","ast-hfb-above-header-display":"","ast-hfb-below-header-display":"","ast-hfb-mobile-header-display":"","site-post-title":"","ast-breadcrumbs-content":"","ast-featured-img":"","footer-sml-layout":"","ast-disable-related-posts":"","theme-transparent-header-meta":"default","adv-header-id-meta":"","stick-header-meta":"","header-above-stick-meta":"","header-main-stick-meta":"","header-below-stick-meta":"","astra-migrate-meta-layouts":"default","ast-page-background-enabled":"default","ast-page-background-meta":{"desktop":{"background-color":"var(--ast-global-color-4)","background-image":"","background-repeat":"repeat","background-position":"center center","background-size":"auto","background-attachment":"scroll","background-type":"","background-media":"","overlay-type":"","overlay-color":"","overlay-opacity":"","overlay-gradient":""},"tablet":{"background-color":"","background-image":"","background-repeat":"repeat","background-position":"center center","background-size":"auto","background-attachment":"scroll","background-type":"","background-media":"","overlay-type":"","overlay-color":"","overlay-opacity":"","overlay-gradient":""},"mobile":{"background-color":"","background-image":"","background-repeat":"repeat","background-position":"center center","background-size":"auto","background-attachment":"scroll","background-type":"","background-media":"","overlay-type":"","overlay-color":"","overlay-opacity":"","overlay-gradient":""}},"ast-content-background-meta":{"desktop":{"background-color":"var(--ast-global-color-5)","background-image":"","background-repeat":"repeat","background-position":"center center","background-size":"auto","background-attachment":"scroll","background-type":"","background-media":"","overlay-type":"","overlay-color":"","overlay-opacity":"","overlay-gradient":""},"tablet":{"background-color":"var(--ast-global-color-5)","background-image":"","background-repeat":"repeat","background-position":"center center","background-size":"auto","background-attachment":"scroll","background-type":"","background-media":"","overlay-type":"","overlay-color":"","overlay-opacity":"","overlay-gradient":""},"mobile":{"background-color":"var(--ast-global-color-5)","background-image":"","background-repeat":"repeat","background-position":"center center","background-size":"auto","background-attachment":"scroll","background-type":"","background-media":"","overlay-type":"","overlay-color":"","overlay-opacity":"","overlay-gradient":""}},"footnotes":""},"class_list":["post-436","page","type-page","status-publish","hentry"],"yoast_head":"<!-- This site is optimized with the Yoast SEO plugin v26.6 - https:\/\/yoast.com\/wordpress\/plugins\/seo\/ -->\n<title>Saint-Laurent du Pape -<\/title>\n<meta name=\"robots\" content=\"index, follow, max-snippet:-1, max-image-preview:large, max-video-preview:-1\" \/>\n<link rel=\"canonical\" href=\"https:\/\/paroisse.saintmicheldurhone.fr\/?page_id=436\" \/>\n<meta property=\"og:locale\" content=\"fr_FR\" \/>\n<meta property=\"og:type\" content=\"article\" \/>\n<meta property=\"og:title\" content=\"Saint-Laurent du Pape -\" \/>\n<meta property=\"og:description\" content=\"L\u2019\u00e9difice actuel a \u00e9t\u00e9 construit de 1861 \u00e0 1864. Ilrempla\u00e7a, en lieu et place, une autre \u00e9glise datant de 1770, compos\u00e9e d\u2019une nef, de deux chapelles (dont une de style [&hellip;]\" \/>\n<meta property=\"og:url\" content=\"https:\/\/paroisse.saintmicheldurhone.fr\/?page_id=436\" \/>\n<meta property=\"article:modified_time\" content=\"2019-11-19T11:14:48+00:00\" \/>\n<meta property=\"og:image\" content=\"http:\/\/paroisse.saintmicheldurhone.fr\/wp-content\/uploads\/2019\/11\/st-laurent2-768x528.jpg\" \/>\n<meta name=\"twitter:card\" content=\"summary_large_image\" \/>\n<meta name=\"twitter:label1\" content=\"Dur\u00e9e de lecture estim\u00e9e\" \/>\n\t<meta name=\"twitter:data1\" content=\"2 minutes\" \/>\n<script type=\"application\/ld+json\" class=\"yoast-schema-graph\">{\"@context\":\"https:\/\/schema.org\",\"@graph\":[{\"@type\":\"WebPage\",\"@id\":\"https:\/\/paroisse.saintmicheldurhone.fr\/?page_id=436\",\"url\":\"https:\/\/paroisse.saintmicheldurhone.fr\/?page_id=436\",\"name\":\"Saint-Laurent du Pape -\",\"isPartOf\":{\"@id\":\"http:\/\/paroisse.saintmicheldurhone.fr\/#website\"},\"primaryImageOfPage\":{\"@id\":\"https:\/\/paroisse.saintmicheldurhone.fr\/?page_id=436#primaryimage\"},\"image\":{\"@id\":\"https:\/\/paroisse.saintmicheldurhone.fr\/?page_id=436#primaryimage\"},\"thumbnailUrl\":\"http:\/\/paroisse.saintmicheldurhone.fr\/wp-content\/uploads\/2019\/11\/st-laurent2-768x528.jpg\",\"datePublished\":\"2019-11-18T12:42:15+00:00\",\"dateModified\":\"2019-11-19T11:14:48+00:00\",\"breadcrumb\":{\"@id\":\"https:\/\/paroisse.saintmicheldurhone.fr\/?page_id=436#breadcrumb\"},\"inLanguage\":\"fr-FR\",\"potentialAction\":[{\"@type\":\"ReadAction\",\"target\":[\"https:\/\/paroisse.saintmicheldurhone.fr\/?page_id=436\"]}]},{\"@type\":\"ImageObject\",\"inLanguage\":\"fr-FR\",\"@id\":\"https:\/\/paroisse.saintmicheldurhone.fr\/?page_id=436#primaryimage\",\"url\":\"https:\/\/paroisse.saintmicheldurhone.fr\/wp-content\/uploads\/2019\/11\/st-laurent2-768x528.jpg\",\"contentUrl\":\"https:\/\/paroisse.saintmicheldurhone.fr\/wp-content\/uploads\/2019\/11\/st-laurent2-768x528.jpg\",\"width\":768,\"height\":528},{\"@type\":\"BreadcrumbList\",\"@id\":\"https:\/\/paroisse.saintmicheldurhone.fr\/?page_id=436#breadcrumb\",\"itemListElement\":[{\"@type\":\"ListItem\",\"position\":1,\"name\":\"Accueil\",\"item\":\"https:\/\/paroisse.saintmicheldurhone.fr\/\"},{\"@type\":\"ListItem\",\"position\":2,\"name\":\"Saint-Laurent du Pape\"}]},{\"@type\":\"WebSite\",\"@id\":\"http:\/\/paroisse.saintmicheldurhone.fr\/#website\",\"url\":\"http:\/\/paroisse.saintmicheldurhone.fr\/\",\"name\":\"Paroisse Saint Nicolas du Rh\u00f4ne\",\"description\":\"\",\"publisher\":{\"@id\":\"http:\/\/paroisse.saintmicheldurhone.fr\/#organization\"},\"potentialAction\":[{\"@type\":\"SearchAction\",\"target\":{\"@type\":\"EntryPoint\",\"urlTemplate\":\"http:\/\/paroisse.saintmicheldurhone.fr\/?s={search_term_string}\"},\"query-input\":{\"@type\":\"PropertyValueSpecification\",\"valueRequired\":true,\"valueName\":\"search_term_string\"}}],\"inLanguage\":\"fr-FR\"},{\"@type\":\"Organization\",\"@id\":\"http:\/\/paroisse.saintmicheldurhone.fr\/#organization\",\"name\":\"Paroisse Saint Nicolas du Rh\u00f4ne\",\"url\":\"http:\/\/paroisse.saintmicheldurhone.fr\/\",\"logo\":{\"@type\":\"ImageObject\",\"inLanguage\":\"fr-FR\",\"@id\":\"http:\/\/paroisse.saintmicheldurhone.fr\/#\/schema\/logo\/image\/\",\"url\":\"https:\/\/paroisse.saintmicheldurhone.fr\/wp-content\/uploads\/2022\/09\/cropped-logo-paroisse.jpg\",\"contentUrl\":\"https:\/\/paroisse.saintmicheldurhone.fr\/wp-content\/uploads\/2022\/09\/cropped-logo-paroisse.jpg\",\"width\":1228,\"height\":567,\"caption\":\"Paroisse Saint Nicolas du Rh\u00f4ne\"},\"image\":{\"@id\":\"http:\/\/paroisse.saintmicheldurhone.fr\/#\/schema\/logo\/image\/\"}}]}<\/script>\n<!-- \/ Yoast SEO plugin. -->","yoast_head_json":{"title":"Saint-Laurent du Pape -","robots":{"index":"index","follow":"follow","max-snippet":"max-snippet:-1","max-image-preview":"max-image-preview:large","max-video-preview":"max-video-preview:-1"},"canonical":"https:\/\/paroisse.saintmicheldurhone.fr\/?page_id=436","og_locale":"fr_FR","og_type":"article","og_title":"Saint-Laurent du Pape -","og_description":"L\u2019\u00e9difice actuel a \u00e9t\u00e9 construit de 1861 \u00e0 1864. Ilrempla\u00e7a, en lieu et place, une autre \u00e9glise datant de 1770, compos\u00e9e d\u2019une nef, de deux chapelles (dont une de style [&hellip;]","og_url":"https:\/\/paroisse.saintmicheldurhone.fr\/?page_id=436","article_modified_time":"2019-11-19T11:14:48+00:00","og_image":[{"url":"http:\/\/paroisse.saintmicheldurhone.fr\/wp-content\/uploads\/2019\/11\/st-laurent2-768x528.jpg","type":"","width":"","height":""}],"twitter_card":"summary_large_image","twitter_misc":{"Dur\u00e9e de lecture estim\u00e9e":"2 minutes"},"schema":{"@context":"https:\/\/schema.org","@graph":[{"@type":"WebPage","@id":"https:\/\/paroisse.saintmicheldurhone.fr\/?page_id=436","url":"https:\/\/paroisse.saintmicheldurhone.fr\/?page_id=436","name":"Saint-Laurent du Pape -","isPartOf":{"@id":"http:\/\/paroisse.saintmicheldurhone.fr\/#website"},"primaryImageOfPage":{"@id":"https:\/\/paroisse.saintmicheldurhone.fr\/?page_id=436#primaryimage"},"image":{"@id":"https:\/\/paroisse.saintmicheldurhone.fr\/?page_id=436#primaryimage"},"thumbnailUrl":"http:\/\/paroisse.saintmicheldurhone.fr\/wp-content\/uploads\/2019\/11\/st-laurent2-768x528.jpg","datePublished":"2019-11-18T12:42:15+00:00","dateModified":"2019-11-19T11:14:48+00:00","breadcrumb":{"@id":"https:\/\/paroisse.saintmicheldurhone.fr\/?page_id=436#breadcrumb"},"inLanguage":"fr-FR","potentialAction":[{"@type":"ReadAction","target":["https:\/\/paroisse.saintmicheldurhone.fr\/?page_id=436"]}]},{"@type":"ImageObject","inLanguage":"fr-FR","@id":"https:\/\/paroisse.saintmicheldurhone.fr\/?page_id=436#primaryimage","url":"https:\/\/paroisse.saintmicheldurhone.fr\/wp-content\/uploads\/2019\/11\/st-laurent2-768x528.jpg","contentUrl":"https:\/\/paroisse.saintmicheldurhone.fr\/wp-content\/uploads\/2019\/11\/st-laurent2-768x528.jpg","width":768,"height":528},{"@type":"BreadcrumbList","@id":"https:\/\/paroisse.saintmicheldurhone.fr\/?page_id=436#breadcrumb","itemListElement":[{"@type":"ListItem","position":1,"name":"Accueil","item":"https:\/\/paroisse.saintmicheldurhone.fr\/"},{"@type":"ListItem","position":2,"name":"Saint-Laurent du Pape"}]},{"@type":"WebSite","@id":"http:\/\/paroisse.saintmicheldurhone.fr\/#website","url":"http:\/\/paroisse.saintmicheldurhone.fr\/","name":"Paroisse Saint Nicolas du Rh\u00f4ne","description":"","publisher":{"@id":"http:\/\/paroisse.saintmicheldurhone.fr\/#organization"},"potentialAction":[{"@type":"SearchAction","target":{"@type":"EntryPoint","urlTemplate":"http:\/\/paroisse.saintmicheldurhone.fr\/?s={search_term_string}"},"query-input":{"@type":"PropertyValueSpecification","valueRequired":true,"valueName":"search_term_string"}}],"inLanguage":"fr-FR"},{"@type":"Organization","@id":"http:\/\/paroisse.saintmicheldurhone.fr\/#organization","name":"Paroisse Saint Nicolas du Rh\u00f4ne","url":"http:\/\/paroisse.saintmicheldurhone.fr\/","logo":{"@type":"ImageObject","inLanguage":"fr-FR","@id":"http:\/\/paroisse.saintmicheldurhone.fr\/#\/schema\/logo\/image\/","url":"https:\/\/paroisse.saintmicheldurhone.fr\/wp-content\/uploads\/2022\/09\/cropped-logo-paroisse.jpg","contentUrl":"https:\/\/paroisse.saintmicheldurhone.fr\/wp-content\/uploads\/2022\/09\/cropped-logo-paroisse.jpg","width":1228,"height":567,"caption":"Paroisse Saint Nicolas du Rh\u00f4ne"},"image":{"@id":"http:\/\/paroisse.saintmicheldurhone.fr\/#\/schema\/logo\/image\/"}}]}},"uagb_featured_image_src":{"full":false,"thumbnail":false,"medium":false,"medium_large":false,"large":false,"1536x1536":false,"2048x2048":false},"uagb_author_info":{"display_name":"2019","author_link":"https:\/\/paroisse.saintmicheldurhone.fr\/?author=1"},"uagb_comment_info":0,"uagb_excerpt":"L\u2019\u00e9difice actuel a \u00e9t\u00e9 construit de 1861 \u00e0 1864. Ilrempla\u00e7a, en lieu et place, une autre \u00e9glise datant de 1770, compos\u00e9e d\u2019une nef, de deux chapelles (dont une de style [&hellip;]","_links":{"self":[{"href":"https:\/\/paroisse.saintmicheldurhone.fr\/index.php?rest_route=\/wp\/v2\/pages\/436","targetHints":{"allow":["GET"]}}],"collection":[{"href":"https:\/\/paroisse.saintmicheldurhone.fr\/index.php?rest_route=\/wp\/v2\/pages"}],"about":[{"href":"https:\/\/paroisse.saintmicheldurhone.fr\/index.php?rest_route=\/wp\/v2\/types\/page"}],"author":[{"embeddable":true,"href":"https:\/\/paroisse.saintmicheldurhone.fr\/index.php?rest_route=\/wp\/v2\/users\/1"}],"replies":[{"embeddable":true,"href":"https:\/\/paroisse.saintmicheldurhone.fr\/index.php?rest_route=%2Fwp%2Fv2%2Fcomments&post=436"}],"version-history":[{"count":0,"href":"https:\/\/paroisse.saintmicheldurhone.fr\/index.php?rest_route=\/wp\/v2\/pages\/436\/revisions"}],"wp:attachment":[{"href":"https:\/\/paroisse.saintmicheldurhone.fr\/index.php?rest_route=%2Fwp%2Fv2%2Fmedia&parent=436"}],"curies":[{"name":"wp","href":"https:\/\/api.w.org\/{rel}","templated":true}]}}