{"id":5108,"date":"2025-04-07T13:11:02","date_gmt":"2025-04-07T11:11:02","guid":{"rendered":"https:\/\/paroisse.saintmicheldurhone.fr\/?post_type=tribe_events&#038;p=5108"},"modified":"2025-04-07T13:11:02","modified_gmt":"2025-04-07T11:11:02","slug":"celebration-du-pardon","status":"publish","type":"tribe_events","link":"https:\/\/paroisse.saintmicheldurhone.fr\/?tribe_events=celebration-du-pardon","title":{"rendered":"C\u00e9l\u00e9bration du pardon"},"content":{"rendered":"<p>Venez vivre un temps fort en participant \u00e0 la c\u00e9l\u00e9bration du pardon \u00e0 l&rsquo;\u00e9glise Saint Michel.<\/p>\n","protected":false},"excerpt":{"rendered":"<p>Venez vivre un temps fort en participant \u00e0 la c\u00e9l\u00e9bration du pardon \u00e0 l&rsquo;\u00e9glise Saint Michel.<\/p>\n","protected":false},"author":1,"featured_media":0,"template":"","meta":{"_uag_custom_page_level_css":"","site-sidebar-layout":"default","site-content-layout":"default","ast-site-content-layout":"default","site-content-style":"default","site-sidebar-style":"default","ast-global-header-display":"","ast-banner-title-visibility":"","ast-main-header-display":"","ast-hfb-above-header-display":"","ast-hfb-below-header-display":"","ast-hfb-mobile-header-display":"","site-post-title":"","ast-breadcrumbs-content":"","ast-featured-img":"","footer-sml-layout":"","ast-disable-related-posts":"","theme-transparent-header-meta":"default","adv-header-id-meta":"","stick-header-meta":"","header-above-stick-meta":"","header-main-stick-meta":"","header-below-stick-meta":"","astra-migrate-meta-layouts":"default","ast-page-background-enabled":"default","ast-page-background-meta":{"desktop":{"background-color":"var(--ast-global-color-4)","background-image":"","background-repeat":"repeat","background-position":"center center","background-size":"auto","background-attachment":"scroll","background-type":"","background-media":"","overlay-type":"","overlay-color":"","overlay-opacity":"","overlay-gradient":""},"tablet":{"background-color":"","background-image":"","background-repeat":"repeat","background-position":"center center","background-size":"auto","background-attachment":"scroll","background-type":"","background-media":"","overlay-type":"","overlay-color":"","overlay-opacity":"","overlay-gradient":""},"mobile":{"background-color":"","background-image":"","background-repeat":"repeat","background-position":"center center","background-size":"auto","background-attachment":"scroll","background-type":"","background-media":"","overlay-type":"","overlay-color":"","overlay-opacity":"","overlay-gradient":""}},"ast-content-background-meta":{"desktop":{"background-color":"var(--ast-global-color-5)","background-image":"","background-repeat":"repeat","background-position":"center center","background-size":"auto","background-attachment":"scroll","background-type":"","background-media":"","overlay-type":"","overlay-color":"","overlay-opacity":"","overlay-gradient":""},"tablet":{"background-color":"var(--ast-global-color-5)","background-image":"","background-repeat":"repeat","background-position":"center center","background-size":"auto","background-attachment":"scroll","background-type":"","background-media":"","overlay-type":"","overlay-color":"","overlay-opacity":"","overlay-gradient":""},"mobile":{"background-color":"var(--ast-global-color-5)","background-image":"","background-repeat":"repeat","background-position":"center center","background-size":"auto","background-attachment":"scroll","background-type":"","background-media":"","overlay-type":"","overlay-color":"","overlay-opacity":"","overlay-gradient":""}},"_tribe_events_status":"","_tribe_events_status_reason":"","footnotes":""},"tags":[],"tribe_events_cat":[30],"class_list":["post-5108","tribe_events","type-tribe_events","status-publish","hentry","tribe_events_cat-celebration-du-pardon","cat_celebration-du-pardon"],"yoast_head":"<!-- This site is optimized with the Yoast SEO plugin v26.6 - https:\/\/yoast.com\/wordpress\/plugins\/seo\/ -->\n<title>C\u00e9l\u00e9bration du pardon -<\/title>\n<meta name=\"robots\" content=\"index, follow, max-snippet:-1, max-image-preview:large, max-video-preview:-1\" \/>\n<link rel=\"canonical\" href=\"https:\/\/paroisse.saintmicheldurhone.fr\/?tribe_events=celebration-du-pardon\" \/>\n<meta property=\"og:locale\" content=\"fr_FR\" \/>\n<meta property=\"og:type\" content=\"article\" \/>\n<meta property=\"og:title\" content=\"C\u00e9l\u00e9bration du pardon -\" \/>\n<meta property=\"og:description\" content=\"Venez vivre un temps fort en participant \u00e0 la c\u00e9l\u00e9bration du pardon \u00e0 l&rsquo;\u00e9glise Saint Michel.\" \/>\n<meta property=\"og:url\" content=\"https:\/\/paroisse.saintmicheldurhone.fr\/?tribe_events=celebration-du-pardon\" \/>\n<meta name=\"twitter:card\" content=\"summary_large_image\" \/>\n<meta name=\"twitter:label1\" content=\"Dur\u00e9e de lecture estim\u00e9e\" \/>\n\t<meta name=\"twitter:data1\" content=\"1 minute\" \/>\n<script type=\"application\/ld+json\" class=\"yoast-schema-graph\">{\"@context\":\"https:\/\/schema.org\",\"@graph\":[{\"@type\":\"WebPage\",\"@id\":\"https:\/\/paroisse.saintmicheldurhone.fr\/?tribe_events=celebration-du-pardon\",\"url\":\"https:\/\/paroisse.saintmicheldurhone.fr\/?tribe_events=celebration-du-pardon\",\"name\":\"C\u00e9l\u00e9bration du pardon -\",\"isPartOf\":{\"@id\":\"http:\/\/paroisse.saintmicheldurhone.fr\/#website\"},\"datePublished\":\"2025-04-07T11:11:02+00:00\",\"breadcrumb\":{\"@id\":\"https:\/\/paroisse.saintmicheldurhone.fr\/?tribe_events=celebration-du-pardon#breadcrumb\"},\"inLanguage\":\"fr-FR\",\"potentialAction\":[{\"@type\":\"ReadAction\",\"target\":[\"https:\/\/paroisse.saintmicheldurhone.fr\/?tribe_events=celebration-du-pardon\"]}]},{\"@type\":\"BreadcrumbList\",\"@id\":\"https:\/\/paroisse.saintmicheldurhone.fr\/?tribe_events=celebration-du-pardon#breadcrumb\",\"itemListElement\":[{\"@type\":\"ListItem\",\"position\":1,\"name\":\"Accueil\",\"item\":\"https:\/\/paroisse.saintmicheldurhone.fr\/\"},{\"@type\":\"ListItem\",\"position\":2,\"name\":\"\u00c9v\u00e8nements\",\"item\":\"http:\/\/paroisse.saintmicheldurhone.fr\/?post_type=tribe_events\"},{\"@type\":\"ListItem\",\"position\":3,\"name\":\"C\u00e9l\u00e9bration du pardon\"}]},{\"@type\":\"WebSite\",\"@id\":\"http:\/\/paroisse.saintmicheldurhone.fr\/#website\",\"url\":\"http:\/\/paroisse.saintmicheldurhone.fr\/\",\"name\":\"Paroisse Saint Nicolas du Rh\u00f4ne\",\"description\":\"\",\"publisher\":{\"@id\":\"http:\/\/paroisse.saintmicheldurhone.fr\/#organization\"},\"potentialAction\":[{\"@type\":\"SearchAction\",\"target\":{\"@type\":\"EntryPoint\",\"urlTemplate\":\"http:\/\/paroisse.saintmicheldurhone.fr\/?s={search_term_string}\"},\"query-input\":{\"@type\":\"PropertyValueSpecification\",\"valueRequired\":true,\"valueName\":\"search_term_string\"}}],\"inLanguage\":\"fr-FR\"},{\"@type\":\"Organization\",\"@id\":\"http:\/\/paroisse.saintmicheldurhone.fr\/#organization\",\"name\":\"Paroisse Saint Nicolas du Rh\u00f4ne\",\"url\":\"http:\/\/paroisse.saintmicheldurhone.fr\/\",\"logo\":{\"@type\":\"ImageObject\",\"inLanguage\":\"fr-FR\",\"@id\":\"http:\/\/paroisse.saintmicheldurhone.fr\/#\/schema\/logo\/image\/\",\"url\":\"https:\/\/paroisse.saintmicheldurhone.fr\/wp-content\/uploads\/2022\/09\/cropped-logo-paroisse.jpg\",\"contentUrl\":\"https:\/\/paroisse.saintmicheldurhone.fr\/wp-content\/uploads\/2022\/09\/cropped-logo-paroisse.jpg\",\"width\":1228,\"height\":567,\"caption\":\"Paroisse Saint Nicolas du Rh\u00f4ne\"},\"image\":{\"@id\":\"http:\/\/paroisse.saintmicheldurhone.fr\/#\/schema\/logo\/image\/\"}}]}<\/script>\n<!-- \/ Yoast SEO plugin. -->","yoast_head_json":{"title":"C\u00e9l\u00e9bration du pardon -","robots":{"index":"index","follow":"follow","max-snippet":"max-snippet:-1","max-image-preview":"max-image-preview:large","max-video-preview":"max-video-preview:-1"},"canonical":"https:\/\/paroisse.saintmicheldurhone.fr\/?tribe_events=celebration-du-pardon","og_locale":"fr_FR","og_type":"article","og_title":"C\u00e9l\u00e9bration du pardon -","og_description":"Venez vivre un temps fort en participant \u00e0 la c\u00e9l\u00e9bration du pardon \u00e0 l&rsquo;\u00e9glise Saint Michel.","og_url":"https:\/\/paroisse.saintmicheldurhone.fr\/?tribe_events=celebration-du-pardon","twitter_card":"summary_large_image","twitter_misc":{"Dur\u00e9e de lecture estim\u00e9e":"1 minute"},"schema":{"@context":"https:\/\/schema.org","@graph":[{"@type":"WebPage","@id":"https:\/\/paroisse.saintmicheldurhone.fr\/?tribe_events=celebration-du-pardon","url":"https:\/\/paroisse.saintmicheldurhone.fr\/?tribe_events=celebration-du-pardon","name":"C\u00e9l\u00e9bration du pardon -","isPartOf":{"@id":"http:\/\/paroisse.saintmicheldurhone.fr\/#website"},"datePublished":"2025-04-07T11:11:02+00:00","breadcrumb":{"@id":"https:\/\/paroisse.saintmicheldurhone.fr\/?tribe_events=celebration-du-pardon#breadcrumb"},"inLanguage":"fr-FR","potentialAction":[{"@type":"ReadAction","target":["https:\/\/paroisse.saintmicheldurhone.fr\/?tribe_events=celebration-du-pardon"]}]},{"@type":"BreadcrumbList","@id":"https:\/\/paroisse.saintmicheldurhone.fr\/?tribe_events=celebration-du-pardon#breadcrumb","itemListElement":[{"@type":"ListItem","position":1,"name":"Accueil","item":"https:\/\/paroisse.saintmicheldurhone.fr\/"},{"@type":"ListItem","position":2,"name":"\u00c9v\u00e8nements","item":"http:\/\/paroisse.saintmicheldurhone.fr\/?post_type=tribe_events"},{"@type":"ListItem","position":3,"name":"C\u00e9l\u00e9bration du pardon"}]},{"@type":"WebSite","@id":"http:\/\/paroisse.saintmicheldurhone.fr\/#website","url":"http:\/\/paroisse.saintmicheldurhone.fr\/","name":"Paroisse Saint Nicolas du Rh\u00f4ne","description":"","publisher":{"@id":"http:\/\/paroisse.saintmicheldurhone.fr\/#organization"},"potentialAction":[{"@type":"SearchAction","target":{"@type":"EntryPoint","urlTemplate":"http:\/\/paroisse.saintmicheldurhone.fr\/?s={search_term_string}"},"query-input":{"@type":"PropertyValueSpecification","valueRequired":true,"valueName":"search_term_string"}}],"inLanguage":"fr-FR"},{"@type":"Organization","@id":"http:\/\/paroisse.saintmicheldurhone.fr\/#organization","name":"Paroisse Saint Nicolas du Rh\u00f4ne","url":"http:\/\/paroisse.saintmicheldurhone.fr\/","logo":{"@type":"ImageObject","inLanguage":"fr-FR","@id":"http:\/\/paroisse.saintmicheldurhone.fr\/#\/schema\/logo\/image\/","url":"https:\/\/paroisse.saintmicheldurhone.fr\/wp-content\/uploads\/2022\/09\/cropped-logo-paroisse.jpg","contentUrl":"https:\/\/paroisse.saintmicheldurhone.fr\/wp-content\/uploads\/2022\/09\/cropped-logo-paroisse.jpg","width":1228,"height":567,"caption":"Paroisse Saint Nicolas du Rh\u00f4ne"},"image":{"@id":"http:\/\/paroisse.saintmicheldurhone.fr\/#\/schema\/logo\/image\/"}}]}},"uagb_featured_image_src":{"full":false,"thumbnail":false,"medium":false,"medium_large":false,"large":false,"1536x1536":false,"2048x2048":false},"uagb_author_info":{"display_name":"2019","author_link":"https:\/\/paroisse.saintmicheldurhone.fr\/?author=1"},"uagb_comment_info":0,"uagb_excerpt":"Venez vivre un temps fort en participant \u00e0 la c\u00e9l\u00e9bration du pardon \u00e0 l&rsquo;\u00e9glise Saint Michel.","_links":{"self":[{"href":"https:\/\/paroisse.saintmicheldurhone.fr\/index.php?rest_route=\/wp\/v2\/tribe_events\/5108","targetHints":{"allow":["GET"]}}],"collection":[{"href":"https:\/\/paroisse.saintmicheldurhone.fr\/index.php?rest_route=\/wp\/v2\/tribe_events"}],"about":[{"href":"https:\/\/paroisse.saintmicheldurhone.fr\/index.php?rest_route=\/wp\/v2\/types\/tribe_events"}],"author":[{"embeddable":true,"href":"https:\/\/paroisse.saintmicheldurhone.fr\/index.php?rest_route=\/wp\/v2\/users\/1"}],"version-history":[{"count":1,"href":"https:\/\/paroisse.saintmicheldurhone.fr\/index.php?rest_route=\/wp\/v2\/tribe_events\/5108\/revisions"}],"predecessor-version":[{"id":5109,"href":"https:\/\/paroisse.saintmicheldurhone.fr\/index.php?rest_route=\/wp\/v2\/tribe_events\/5108\/revisions\/5109"}],"wp:attachment":[{"href":"https:\/\/paroisse.saintmicheldurhone.fr\/index.php?rest_route=%2Fwp%2Fv2%2Fmedia&parent=5108"}],"wp:term":[{"taxonomy":"post_tag","embeddable":true,"href":"https:\/\/paroisse.saintmicheldurhone.fr\/index.php?rest_route=%2Fwp%2Fv2%2Ftags&post=5108"},{"taxonomy":"tribe_events_cat","embeddable":true,"href":"https:\/\/paroisse.saintmicheldurhone.fr\/index.php?rest_route=%2Fwp%2Fv2%2Ftribe_events_cat&post=5108"}],"curies":[{"name":"wp","href":"https:\/\/api.w.org\/{rel}","templated":true}]}}

Célébration du pardon

<p>Venez vivre un temps fort en participant à la célébration du pardon à l&rsquo;église Saint Michel.</p>

<!-- This site is optimized with the Yoast SEO plugin v26.6 - https://yoast.com/wordpress/plugins/seo/ -->
<title>Célébration du pardon -</title>
<meta name="robots" content="index, follow, max-snippet:-1, max-image-preview:large, max-video-preview:-1" />
<link rel="canonical" href="https://paroisse.saintmicheldurhone.fr/?tribe_events=celebration-du-pardon" />
<meta property="og:locale" content="fr_FR" />
<meta property="og:type" content="article" />
<meta property="og:title" content="Célébration du pardon -" />
<meta property="og:description" content="Venez vivre un temps fort en participant à la célébration du pardon à l&rsquo;église Saint Michel." />
<meta property="og:url" content="https://paroisse.saintmicheldurhone.fr/?tribe_events=celebration-du-pardon" />
<meta name="twitter:card" content="summary_large_image" />
<meta name="twitter:label1" content="Durée de lecture estimée" />
	<meta name="twitter:data1" content="1 minute" />
<script type="application/ld+json" class="yoast-schema-graph">{"@context":"https://schema.org","@graph":[{"@type":"WebPage","@id":"https://paroisse.saintmicheldurhone.fr/?tribe_events=celebration-du-pardon","url":"https://paroisse.saintmicheldurhone.fr/?tribe_events=celebration-du-pardon","name":"Célébration du pardon -","isPartOf":{"@id":"http://paroisse.saintmicheldurhone.fr/#website"},"datePublished":"2025-04-07T11:11:02+00:00","breadcrumb":{"@id":"https://paroisse.saintmicheldurhone.fr/?tribe_events=celebration-du-pardon#breadcrumb"},"inLanguage":"fr-FR","potentialAction":[{"@type":"ReadAction","target":["https://paroisse.saintmicheldurhone.fr/?tribe_events=celebration-du-pardon"]}]},{"@type":"BreadcrumbList","@id":"https://paroisse.saintmicheldurhone.fr/?tribe_events=celebration-du-pardon#breadcrumb","itemListElement":[{"@type":"ListItem","position":1,"name":"Accueil","item":"https://paroisse.saintmicheldurhone.fr/"},{"@type":"ListItem","position":2,"name":"Évènements","item":"http://paroisse.saintmicheldurhone.fr/?post_type=tribe_events"},{"@type":"ListItem","position":3,"name":"Célébration du pardon"}]},{"@type":"WebSite","@id":"http://paroisse.saintmicheldurhone.fr/#website","url":"http://paroisse.saintmicheldurhone.fr/","name":"Paroisse Saint Nicolas du Rhône","description":"","publisher":{"@id":"http://paroisse.saintmicheldurhone.fr/#organization"},"potentialAction":[{"@type":"SearchAction","target":{"@type":"EntryPoint","urlTemplate":"http://paroisse.saintmicheldurhone.fr/?s={search_term_string}"},"query-input":{"@type":"PropertyValueSpecification","valueRequired":true,"valueName":"search_term_string"}}],"inLanguage":"fr-FR"},{"@type":"Organization","@id":"http://paroisse.saintmicheldurhone.fr/#organization","name":"Paroisse Saint Nicolas du Rhône","url":"http://paroisse.saintmicheldurhone.fr/","logo":{"@type":"ImageObject","inLanguage":"fr-FR","@id":"http://paroisse.saintmicheldurhone.fr/#/schema/logo/image/","url":"https://paroisse.saintmicheldurhone.fr/wp-content/uploads/2022/09/cropped-logo-paroisse.jpg","contentUrl":"https://paroisse.saintmicheldurhone.fr/wp-content/uploads/2022/09/cropped-logo-paroisse.jpg","width":1228,"height":567,"caption":"Paroisse Saint Nicolas du Rhône"},"image":{"@id":"http://paroisse.saintmicheldurhone.fr/#/schema/logo/image/"}}]}</script>
<!-- / Yoast SEO plugin. -->

Célébration du pardon -

Venez vivre un temps fort en participant à la célébration du pardon à l&rsquo;église Saint Michel.

Évènements

Paroisse Saint Nicolas du Rhône
